ase 15?
36
Convert -10011101 (base 2) to base 4.
-2131
24 (base 7) to base 6
30
Convert 12 (base 9) to base 8.
13
Convert 57 (base 13) to base 10.
72
Convert -11 (base 11) to base 8.
-14
What is c1 (base 13) in base 4?
2131
Convert 10 (base 3) to base 5.
3
What is -144 (base 12) in base 7?
-400
Convert -2 (base 14) to base 7.
-2
54 (base 7) to base 10
39
Convert 6 (base 8) to base 14.
6
What is 2 (base 5) in base 4?
2
What is 75 (base 11) in base 2?
1010010
-1043 (base 5) to base 11
-125
What is 2 (base 15) in base 13?
2
Convert 6 (base 8) to base 16.
6
5 (base 15) to base 4
11
3 (base 11) to base 4
3
-2 (base 13) to base 7
-2
What is 172 (base 12) in base 5?
1410
What is 5 (base 6) in base 4?
11
Convert 6 (base 15) to base 14.
6
Convert 5 (base 7) to base 16.
5
Convert 0 (base 13) to base 3.
0
-31 (base 11) to base 15
-24
What is -30 (base 4) in base 2?
-1100
b (base 16) to base 5
21
What is -23 (base 14) in base 10?
-31
-29 (base 15) to base 11
-36
What is -44 (base 5) in base 3?
-220
Convert -d (base 16) to base 10.
-13
What is 2103 (base 4) in base 13?
b4
Convert 21 (base 9) to base 7.
25
-2 (base 8) to base 15
-2
What is 97 (base 12) in base 15?
7a
What is -1 (base 3) in base 2?
-1
Convert -3 (base 13) to base 14.
-3
Convert 2 (base 5) to base 7.
2
111 (base 3) to base 12
11
-142 (base 5) to base 10
-47
Convert -2 (base 6) to base 7.
-2
What is 0 (base 15) in base 14?
0
Convert -21 (base 12) to base 2.
-11001
-4 (base 15) to base 13
-4
Convert -19a (base 11) to base 8.
-346
Convert 11 (base 3) to base 9.
4
100 (base 4) to base 13
13
-1 (base 10) to base 16
-1
-12 (base 4) to base 14
-6
1 (base 8) to base 13
1
48 (base 9) to base 2
101100
10 (base 6) to base 16
6
22 (base 3) to base 10
8
What is 0 (base 2) in base 14?
0
4 (base 15) to base 13
4
-1 (base 10) to base 3
-1
12 (base 7) to base 2
1001
Convert -45 (base 12) to base 13.
-41
Convert -3 (base 10) to base 7.
-3
What is -68 (base 9) in base 12?
-52
What is 1100 (base 2) in base 5?
22
232 (base 5) to base 12
57
-4 (base 6) to base 12
-4
Convert 5 (base 10) to base 8.
5
What is -211 (base 3) in base 12?
-1a
What is -124 (base 5) in base 12?
-33
Convert -40 (base 8) to base 15.
-22
55 (base 10) to base 6
131
Convert -4c (base 16) to base 3.
-2211
Convert -354 (base 6) to base 4.
-2032
Convert -20 (base 8) to base 4.
-100
What is -34 (base 10) in base 16?
-22
22 (base 14) to base 10
30
Convert 1023 (base 4) to base 11.
69
Convert 11111 (base 2) to base 10.
31
-382 (base 9) to base 6
-1245
Convert 1 (base 8) to base 16.
1
-2 (base 6) to base 10
-2
-14 (base 14) to base 16
-12
What is -30 (base 4) in base 16?
-c
-1012 (base 4) to base 5
-240
What is -1 (base 4) in base 5?
-1
Convert 34 (base 7) to base 13.
1c
Convert 50 (base 7) to base 11.
32
7 (base 15) to base 14
7
Convert -70 (base 9) to base 5.
-223
Convert -7 (base 12) to base 9.
-7
Convert -12 (base 6) to base 14.
-8
11 (base 15) to base 14
12
Convert -110001 (base 2) to base 4.
-301
Convert 92 (base 12) to base 2.
1101110
What is 145 (base 9) in base 4?
1322
Convert 415 (base 6) to base 2.
10011011
What is -11 (base 4) in base 3?
-12
Convert -13 (base 7) to base 11.
-a
Convert -1 (base 5) to base 8.
-1
Convert -2222 (base 3) to base 9.
-88
What is 51 (base 7) in base 14?
28
What is 9 (base 13) in base 12?
9
-51 (base 12) to base 3
-2021
Convert 46 (base 10) to base 4.
232
Convert -120 (base 7) to base 4.
-333
-104 (base 11) to base 16
-7d
Convert -14 (base 12) to base 3.
-121
24 (base 8) to base 11
19
What is 167 (base 8) in base 2?
1110111
What is 35 (base 9) in base 2?
100000
Convert 15 (base 15) to base 4.
110
What is -22 (base 3) in base 13?
-8
53 (base 11) to base 4
322
-5 (base 14) to base 16
-5
What is 47 (base 8) in base 6?
103
Convert 5 (base 8) to base 16.
5
Convert 0 (base 10) to base 9.
0
What is 7 (base 11) in base 9?
7
What is -9 (base 12) in base 16?
-9
Convert 1 (base 4) to base 3.
1
Convert -1133 (base 5) to base 7.
-330
Convert 1442 (base 5) to base 3.
100011
What is -31 (base 6) in base 12?
-17
-5 (base 16) to base 7
-5
Convert 67 (base 15) to base 9.
117
What is 3 (base 14) in base 16?
3
-4 (base 5) to base 10
-4
What is 25 (base 8) in base 10?
21
11 (base 13) to base 11
13
-113 (base 5) to base 9
-36
-164 (base 9) to base 4
-2023
-11 (base 4) to base 10
-5
What is -12 (base 3) in base 6?
-5
Convert -161 (base 8) to base 11.
-a3
Convert -130 (base 4) to base 6.
-44
Convert -20 (base 6) to base 15.
-c
What is 2020 (base 3) in base 10?
60
3 (base 14) to base 4
3
What is -20 (base 8) in base 16?
-10
Convert 8 (base 15) to base 9.
8
Convert -1 (base 11) to base 2.
-1
Convert -30 (base 11) to base 12.
-29
5 (base 7) to base 2
101
What is 113 (base 5) in base 7?
45
3 (base 8) to base 6
3
Convert 12 (base 8) to base 10.
10
-2 (base 10) to base 7
-2
Convert -4 (base 9) to base 12.
-4
-121 (base 4) to base 7
-34
Convert -2 (base 10) to base 12.
-2
3 (base 14) to base 3
10
What is 7 (base 11) in base 14?
7
What is -13 (base 14) in base 7?
-23
Convert 1 (base 6) to base 13.
1
63 (base 7) to base 8
55
-9 (base 10) to base 14
-9
-1 (base 15) to base 4
-1
What is 2 (base 10) in base 15?
2
Convert 3 (base 15) to base 12.
3
Convert 202 (base 5) to base 4.
310
What is 51 (base 6) in base 9?
34
What is -92 (base 16) in base 15?
-9b
What is 1 (base 8) in base 10?
1
2 (base 8) to base 2
10
Convert 7 (base 11) to base 6.
11
Convert 57 (base 16) to base 4.
1113
Convert -2 (base 13) to base 7.
-2
What is 22 (base 8) in base 10?
18
Convert -1 (base 15) to base 16.
-1
0 (base 6) to base 4
0
90 (base 11) to base 5
344
4 (base 11) to base 12
4
Convert -3 (base 5) to base 11.
-3
What is -9 (base 14) in base 3?
-100
-10 (base 13) to base 10
-13
Convert 1000 (base 3) to base 9.
30
11 (base 15) to base 2
10000
What is 13 (base 14) in base 2?
10001
What is 24 (base 16) in base 15?
26
11 (base 3) to base 14
4
6 (base 8) to base 3
20
-7 (base 8) to base 10
-7
Convert 21 (base 14) to base 12.
25
What is 7 (base 12) in base 4?
13
1010 (base 3) to base 8
36
-1020 (base 3) to base 13
-27
What is 1042 (base 5) in base 4?
2103
What is -2 (base 7) in base 9?
-2
-23 (base 10) to base 11
-21
Convert -1202 (base 4) to base 10.
-98
Convert 7a (base 11) to base 15.
5c
Convert -25 (base 6) to base 16.
-11
Convert -5 (base 14) to base 10.
-5
Convert 1 (base 5) to base 12.
1
What is 22 (base 5) in base 10?
12
7e (base 15) to base 13
92
Convert 6 (base 16) to base 3.
20
5 (base 6) to base 3
12
Convert 2 (base 12) to base 2.
10
Convert 422 (base 5) to base 6.
304
Convert 22 (base 10) to base 3.
211
What is -24b (base 12) in base 5?
-2342
What is -16 (base 10) in base 2?
-10000
Convert -2 (base 16) to base 14.
-2
Convert 4 (base 13) to base 9.
4
11 (base 2) to base 14
3
Convert 1 (base 3) to base 4.
1
Convert -125 (base 6) to base 15.
-38
What is 122 (base 4) in base 10?
26
What is 4 (base 16) in base 6?
4
What is -2 (base 6) in base 9?
-2
Convert e3 (base 16) to base 14.
123
Convert 4 (base 9) to base 10.
4
What is 104 (base 5) in base 11?
27
Convert 23 (base 5) to base 3.
111
What is -32 (base 7) in base 6?
-35
What is 10102 (base 3) in base 2?
1011100
What is 39 (base 10) in base 4?
213
Convert 2 (base 15) to base 7.
2
-100 (base 5) to base 16
-19
What is -21 (base 9) in base 15?
-14
Convert -10 (base 3) to base 7.
-3
What is 10 (base 8) in base 10?
8
Convert -2 (base 9) to base 10.
-2
144 (base 6) to base 16
40
What is 20 (base 15) in base 3?
1010
1 (base 5) to base 10
1
What is -3 (base 16) in base 15?
-3
Convert 5 (base 12) to base 2.
101
Convert 252 (base 8) to base 16.
aa
What is 87 (base 9) in base 12?
67
Convert -160 (base 9) to base 6.
-343
-3 (base 13) to base 6
-3
What is -2 (base 5) in base 6?
-2
-121 (base 5) to base 16
-24
-1 (base 4) to base 6
-1
What is -4 (base 6) in base 2?
-100
2 (base 16) to base 2
10
45 (base 6) to base 2
11101
-3 (base 12) to base 2
-11
204 (base 6) to base 10
76
What is 17 (base 12) in base 16?
13
What is -21 (base 3) in base 13?
-7
Convert -11010111 (base 2) to base 11.
-186
What is -193 (base 13) in base 15?
-144
1220 (base 3) to base 14
39
-13 (base 6) to base 3
-100
1001 (base 3) to base 6
44
-23 (base 5) to base 15
-d
What is -1 (base 15) in base 16?
-1
196 (base 11) to base 3
22101
Convert -112 (base 4) to base